281)/(-14) + 55/(-22) is divided by 56?
33
Let w(i) = i**3 + 4*i**2 + 5*i + 10. Let f be w(-3). Suppose -c + 11 = -f. What is the remainder when 28 is divided by c?
13
Let x(p) = 6*p**2 - p. Suppose 36*o + 240 = 52*o. What is the remainder when x(-2) is divided by o?
11
Let v(q) = -8*q + 12. Let h be v(-11). Suppose h = 3*j + 4. What is the remainder when 60 is divided by j?
28
Let f(o) = 211*o - 179. Let a = 28 + -17. Calculate the remainder when f(1) is divided by a.
10
Let l = -38 + 54. Let q = -175 - -185. Calculate the remainder when l is divided by q.
6
Let u(l) = 2*l**2 + 7*l + 4. Let b be u(-4). Let t = b + 9. Let a = -4 + 11. What is the remainder when t is divided by a?
3
Suppose -4*i - 65 = -4*u + 11, -3*u + 5*i = -67. Calculate the remainder when 45 is divided by u.
3
Let x = 564 - 442. What is the remainder when x is divided by 28?
10
Let d(t) be the first derivative of t**3/6 + t - 3. Let n(h) be the first derivative of d(h). What is the remainder when n(11) is divided by 3?
2
Let q = -16 + 55. Let k(b) = b**2 + 17*b + 16. Let g be k(-16). Suppose -f + g = 1, -24 = -2*t - 4*f. What is the remainder when q is divided by t?
11
Suppose -6*v - 7 = -7*v. Let o(s) = 14*s - 16. Calculate the remainder when o(v) is divided by 43.
39
Let v(x) = x**3 + 7*x**2 - 5*x + 65. What is the remainder when v(-8) is divided by 4?
1
Suppose 0 = -18*t + 11*t - 7. What is the remainder when 65/10*(t*10)/(-1) is divided by 17?
14
Let j = 308 - 145. What is the remainder when j is divided by 41?
40
Let u = 423 + -248. What is the remainder when u is divided by 70?
35
Let p = -534 - -585. What is the remainder when p is divided by 24?
3
Suppose 2 = 2*v - v. Suppose -2*w = -5*s + 22, -4*w = 2*s + v*s + 16. Calculate the remainder when 43 is divided by (-2)/w + 132/9.
13
Suppose 560*k + 25602 = 577*k. What is the remainder when k is divided by 116?
114
Let w(c) = c**3 + 15*c**2 + 16*c + 8. Let z be w(-14). Let l be 32/z - 6/15. What is the remainder when (135/25)/(l/(-10)) is divided by 14?
13
Let k(r) = r**2 - 3*r - 9. Let l(f) = 46*f + 267. Calculate the remainder when l(-5) is divided by k(7).
18
What is the remainder when 45 is divided by (-5)/(5 + 78/(-15))?
20
Suppose 11 = n - 13. Calculate the remainder when 5*3/(-45) - (-502)/3 is divided by n.
23
Let y = 173 + -132. Calculate the remainder when y is divided by 15.
11
Let u be ((-105)/(-10))/(-7)*-2. Suppose -5*g + 56 = -k - u*k, 0 = 2*g - 5*k - 19. Calculate the remainder when 34 is divided by g.
10
Let n = -191 - -282. Calculate the remainder when n is divided by (-4 - -2)/(4/(-62)).
29
Let y = -2 + 5. Suppose -2*s + y*s = 15. What is the remainder when s is divided by 8?
7
Calculate the remainder when 488 + (-27)/45 + (-36)/15 is divided by 54.
53
Let g(f) = 5*f**2 + 16*f + 5. What is the remainder when g(-5) is divided by 8?
2
Let h(c) = c**3 - 8*c**2 + 4*c - 22. Calculate the remainder when h(9) is divided by 33.
29
Let i(n) = -n**3 - 7*n**2 - 7*n + 1. Let o be i(-5). Calculate the remainder when (-16 - o)/((-2)/53) is divided by 14.
11
Calculate the remainder when (-15)/(-54*(-6)/120 - 3) is divided by 266/10 + 16/40.
23
Suppose 19 = -6*a + 145. Calculate the remainder when 145/5 + (1 - 1) is divided by (a - 41)/(2/(-1)).
9
Suppose 24*f = 19*f - 545. Let w = -44 - f. What is the remainder when w is divided by 18?
11
Let m(t) = -t**2. Let k(i) = 2*i**2 + 4*i - 9. Let b(j) = k(j) + m(j). Suppose -4*n = -3*n - 34. Calculate the remainder when n is divided by b(-7).
10
Suppose -3*n + h = 3, -4*n + 2*h + 0 = 6. Suppose 2*p + 0*p - 10 = n. Suppose -p*l + 2*l = -120. Calculate the remainder when l is divided by 11.
7
Calculate the remainder when 54 is divided by 12/18 - (-129)/9.
9
Suppose g - 3*h + 11 = -7*h, 0 = 2*g - h - 14. Suppose 4*i - 4*s - 74 = -g*s, 2*i = 5*s + 26. Calculate the remainder when 51 is divided by i.
15
Let c(t) = 19*t - 157. Calculate the remainder when 45 is divided by c(9).
3
Suppose 3*i + 3 = 4*h, -3*h - 4*i - 2 = 2. Suppose -4*k = 4*l - 84, 46 = 2*l - h*k + 4*k. What is the remainder when -9*(-18)/3 + 0 is divided by l?
16
Let r(m) = -2*m**2 + 16*m + 19. Let j be r(10). Calculate the remainder when (j*1)/(6/(-6)) is divided by 3.
0
Let n(t) = 20*t**3 - 5*t + 5. What is the remainder when 64 is divided by n(1)?
4
Suppose 5*g = 2*g + 222. Suppose 5*s - 112 + 17 = 0. Calculate the remainder when g is divided by s.
17
Suppose -3*c = 3*g + g - 1, 0 = -3*g + 3*c + 27. Suppose -g*y + 91 = -3*i, -i + 18 = y - 10. What is the remainder when 99 is divided by y?
24
Let h(u) = 3*u + 23. Let b be h(7). Suppose b = v - 26. Calculate the remainder when v is divided by 9.
7
Let t(k) = 4*k**2 - 596*k + 595*k + 5*k**2. Let p = 4 - 3. Calculate the remainder when 28 is divided by t(p).
4
Suppose 314 + 343 = -3*z. Calculate the remainder when z/(-4) - 5/(-20) is divided by (2/8)/(1852/(-464) + 4).
26
What is the remainder when 59 is divided by 9/(0 - (-4)/12)?
5
Suppose -k - 3*a + 41 = -86, 3*a = -4*k + 526. Calculate the remainder when k is divided by 23.
18
Let i be 47 - 4*6/8. Let u = i + -16. What is the remainder when 75 is divided by u?
19
What is the remainder when 5*(-4)/(20/(-9)) is divided by 4 - 1*(1 - 0)?
0
Let b(z) = -2*z - 2 + 12 - 6. Calculate the remainder when b(-11) is divided by 8.
2
Let m = -66 - -98. Suppose 2*j = -4*a - 2, -4*j + 4*a + 38 = 6. Calculate the remainder when m is divided by j.
2
Let m(x) = -9*x - 17. Let i = -17 - -5. Suppose 2*n - 63 = -1. What is the remainder when m(i) is divided by n?
29
Calculate the remainder when 189 is divided by -12*((-133)/21 + 5).
13
Let d = 13 - -8. Let c = -6 - -14. Let v(q) = -q**3 + 8*q**2 + 2*q - 4. Calculate the remainder when d is divided by v(c).
9
Let q be (-14)/(-6) + (-8)/(-12). Suppose 2*s = 5*i + 251 - 16, q*s = 3*i + 330. Calculate the remainder when s is divided by 36.
33
Suppose 0 = -3*f - 25 - 17. Let n(x) = -2*x - 27. What is the remainder when 4 is divided by n(f)?
0
What is the remainder when (-12)/21 - 2/(-14)*137 is divided by 8?
3
Let d(i) = -6*i**2 - 5*i + 24. Calculate the remainder when 214 is divided by d(0).
22
Let k(a) = 29*a - 29. Let b = -72 - -81. What is the remainder when k(b) is divided by 59?
55
Let t(o) = -o**3 + 12*o**2 - 29*o + 25. Calculate the remainder when t(6) is divided by 35.
32
Let m be (4/(-12) - -3)/((-2)/(-3)). Suppose 0 = -m*w + 48 + 28. Calculate the remainder when w is divided by 5.
4
Let l(y) = 2*y**3 + 13*y**2 + 13*y + 11. Calculate the remainder when l(-5) is divided by 1.
0
Let w = 434 - 340. Let s = 4 - 0. Suppose -108 = -s*i - 0*v - 5*v, v - 124 = -4*i. What is the remainder when w is divided by i?
30
Suppose -4*l + 3 + 244 = 5*q, -q = -3. What is the remainder when l is divided by 5?
3
Suppose 57 + 171 = 12*n. Let f(d) = 2*d - 1. Let h be f(3). Suppose h = y - 2. Calculate the remainder when n is divided by y.
5
Suppose -5*i = -4*p - 435, 234 + 83 = 4*i + 3*p. Calculate the remainder when i is divided by 78.
5
Let h(v) = v**2 + 16*v - 2. What is the remainder when h(18) is divided by 47?
46
Suppose -9*z = -17*z + 2584. Calculate the remainder when z is divided by 5.
3
Suppose 28*z + 9163 = 33691. Calculate the remainder when z is divided by 20.
16
Let j = -1 + -1. Suppose 0 = 4*a + 4. Calculate the remainder when 41 is divided by ((-3)/a + j)*22.
19
Let w = -71 + 205. Let f(k) = 10*k - 3. Calculate the remainder when w is divided by f(2).
15
Suppose c + 4*h = 67, 4*c + 2*h - 280 = -2*h. What is the remainder when 223 is divided by c?
10
Suppose -3*r + 11*c = 7*c - 74, 4*c + 96 = 4*r. Suppose 50 = 12*b - r. Calculate the remainder when 15 is divided by b.
3
Suppose 1 = 2*c + 7. Let k = c + 12. Let t(b) = 5*b + 4. Calculate the remainder when t(k) is divided by 17.
15
What is the remainder when (14*((-2)/(-6) - 0))/((-968)/(-15972)) is divided by (-2)/(-8) + (-103)/(-4)?
25
Suppose 48 = p + 2*d - 53, -d + 199 = 2*p. What is the remainder when p is divided by 20?
19
Let w be (-3 + 2)/(1*-2 + 3). Let r(v) = -14*v**2 + 2 + 36*v**2 + 10*v**2 + 3*v. What is the remainder when 90 is divided by r(w)?
28
Calculate the remainder when -45*((-8)/(-6) + -2) is divided by 22.
8
Suppose -3*o + 3 + 12 = 0. Let g(b) = -b**3 - 5*b**2 + 3*b - 8. What is the remainder when g(-6) is divid